inder when 448 is divided by 269.
179
Calculate the remainder when 2017 is divided by 255.
232
What is the remainder when 329 is divided by 45?
14
Calculate the remainder when 160 is divided by 44.
28
What is the remainder when 1680 is divided by 34?
14
What is the remainder when 4724 is divided by 1552?
68
Calculate the remainder when 19 is divided by 13.
6
What is the remainder when 94 is divided by 42?
10
Calculate the remainder when 248 is divided by 10.
8
Calculate the remainder when 774 is divided by 44.
26
What is the remainder when 123 is divided by 112?
11
What is the remainder when 62747 is divided by 25?
22
What is the remainder when 3384 is divided by 226?
220
What is the remainder when 213 is divided by 42?
3
What is the remainder when 2481 is divided by 99?
6
What is the remainder when 6666 is divided by 39?
36
What is the remainder when 9302 is divided by 21?
20
What is the remainder when 553 is divided by 542?
11
Calculate the remainder when 32525 is divided by 19.
16
Calculate the remainder when 1555 is divided by 32.
19
Calculate the remainder when 368 is divided by 10.
8
Calculate the remainder when 208 is divided by 118.
90
What is the remainder when 350 is divided by 92?
74
What is the remainder when 663 is divided by 4?
3
What is the remainder when 77 is divided by 20?
17
Calculate the remainder when 1934 is divided by 129.
128
Calculate the remainder when 658 is divided by 95.
88
Calculate the remainder when 65 is divided by 46.
19
Calculate the remainder when 59 is divided by 21.
17
What is the remainder when 50 is divided by 16?
2
What is the remainder when 275 is divided by 28?
23
Calculate the remainder when 1260 is divided by 13.
12
What is the remainder when 76 is divided by 9?
4
Calculate the remainder when 74 is divided by 9.
2
What is the remainder when 261 is divided by 44?
41
Calculate the remainder when 509 is divided by 64.
61
What is the remainder when 23839 is divided by 40?
39
What is the remainder when 661 is divided by 134?
125
What is the remainder when 73 is divided by 21?
10
Calculate the remainder when 8557 is divided by 22.
21
Calculate the remainder when 50 is divided by 5.
0
Calculate the remainder when 1003 is divided by 144.
139
What is the remainder when 53 is divided by 3?
2
Calculate the remainder when 5549 is divided by 1106.
19
Calculate the remainder when 178 is divided by 63.
52
Calculate the remainder when 778 is divided by 195.
193
What is the remainder when 163 is divided by 43?
34
Calculate the remainder when 763 is divided by 48.
43
Calculate the remainder when 1750 is divided by 176.
166
Calculate the remainder when 301 is divided by 17.
12
Calculate the remainder when 6843 is divided by 185.
183
Calculate the remainder when 2218 is divided by 247.
242
What is the remainder when 438 is divided by 213?
12
Calculate the remainder when 3484 is divided by 83.
81
Calculate the remainder when 383 is divided by 8.
7
Calculate the remainder when 22643 is divided by 35.
33
What is the remainder when 154 is divided by 72?
10
What is the remainder when 121 is divided by 27?
13
Calculate the remainder when 304 is divided by 144.
16
Calculate the remainder when 34 is divided by 23.
11
What is the remainder when 412 is divided by 117?
61
Calculate the remainder when 204 is divided by 94.
16
What is the remainder when 3476 is divided by 290?
286
What is the remainder when 78 is divided by 68?
10
What is the remainder when 271 is divided by 13?
11
What is the remainder when 184 is divided by 32?
24
Calculate the remainder when 213 is divided by 107.
106
What is the remainder when 208 is divided by 101?
6
What is the remainder when 363 is divided by 141?
81
Calculate the remainder when 23229 is divided by 121.
118
What is the remainder when 154 is divided by 33?
22
What is the remainder when 910 is divided by 255?
145
What is the remainder when 314 is divided by 32?
26
Calculate the remainder when 108 is divided by 54.
0
What is the remainder when 153 is divided by 64?
25
What is the remainder when 1759 is divided by 5?
4
What is the remainder when 70078 is divided by 292?
290
What is the remainder when 1348 is divided by 17?
5
Calculate the remainder when 1021 is divided by 114.
109
Calculate the remainder when 1097 is divided by 249.
101
Calculate the remainder when 32 is divided by 15.
2
Calculate the remainder when 866 is divided by 285.
11
Calculate the remainder when 55294 is divided by 192.
190
Calculate the remainder when 4995 is divided by 102.
99
What is the remainder when 311 is divided by 78?
77
What is the remainder when 86 is divided by 46?
40
What is the remainder when 4794 is divided by 4790?
4
Calculate the remainder when 1585 is divided by 6.
1
Calculate the remainder when 494 is divided by 25.
19
Calculate the remainder when 178 is divided by 50.
28
Calculate the remainder when 1017 is divided by 74.
55
What is the remainder when 296 is divided by 14?
2
What is the remainder when 1431 is divided by 4?
3
Calculate the remainder when 194 is divided by 71.
52
Calculate the remainder when 154 is divided by 48.
10
What is the remainder when 295 is divided by 8?
7
What is the remainder when 124 is divided by 18?
16
What is the remainder when 11198 is divided by 70?
68
Calculate the remainder when 816 is divided by 404.
8
Calculate the remainder when 2882 is divided by 263.
252
Calculate the remainder when 227 is divided by 20.
7
What is the remainder when 72 is divided by 47?
25
What is the remainder when 3583 is divided by 22?
19
What is the remainder when 121 is divided by 39?
4
What is the remainder when 3641 is divided by 146?
137
What is the remainder when 1527 is divided by 37?
10
What is the remainder when 231 is divided by 111?
9
Calculate the remainder when 339 is divided by 34.
33
Calculate the remainder when 970 is divided by 7.
4
Calculate the remainder when 442 is divided by 74.
72
What is the remainder when 1323 is divided by 51?
48
Calculate the remainder when 8317 is divided by 47.
45
What is the remainder when 245 is divided by 44?
25
Calculate the remainder when 279 is divided by 239.
40
Calculate the remainder when 8478 is divided by 4236.
6
Calculate the remainder when 456 is divided by 51.
48
What is the remainder when 324 is divided by 170?
154
Calculate the remainder when 49 is divided by 17.
15
Calculate the remainder when 148 is divided by 50.
48
Calculate the remainder when 12 is divided by 4.
0
What is the remainder when 20294 is divided by 99?
98
Calculate the remainder when 390 is divided by 23.
22
Calculate the remainder when 165 is divided by 26.
9
Calculate the remainder when 598 is divided by 87.
76
Calculate the remainder when 67 is divided by 17.
16
Calculate the remainder when 86 is divided by 3.
2
What is the remainder when 1040 is divided by 47?
6
Calculate the remainder when 117 is divided by 28.
5
Calculate the remainder when 1115 is divided by 47.
34
Calculate the remainder when 175 is divided by 36.
31
What is the remainder when 1321 is divided by 51?
46
Calculate the remainder when 47 is divided by 13.
8
Calculate the remainder when 249 is divided by 116.
17
Calculate the remainder when 503 is divided by 470.
33
Calculate the remainder when 1474 is divided by 245.
4
Calculate the remainder when 3209 is divided by 3195.
14
What is the remainder when 124 is divided by 47?
30
Calculate the remainder when 228 is divided by 60.
48
Calculate the remainder when 997 is divided by 100.
97
Calculate the remainder when 1962 is divided by 296.
186
Calculate the remainder when 253 is divided by 87.
79
Calculate the remainder when 250 is divided by 197.
53
What is the remainder when 424 is divided by 108?
100
What is the remainder when 116 is divided by 17?
14
What is the remainder when 12327 is divided by 67?
66
Calculate the remainder when 67 is divided by 14.
11
What is the remainder when 181 is divided by 21?
13
Calculate the remainder when 371 is divided by 3.
2
What is the remainder when 2960 is divided by 52?
48
Calculate the remainder when 7053 is divided by 84.
81
What is the remainder when 4559 is divided by 379?
11
Calculate the remainder when 533 is divided by 533.
0
What is the remainder when 174 is divided by 80?
14
What is the remainder 